-141)/(-5) + (b - (-32)/(-10)).
2, 7
Let h = 15247 + -1044. What are the prime factors of h?
7, 2029
Let r(b) = -2*b - 14. Let k be r(-12). Suppose -k*f + 7429 = 2649. What are the prime factors of f?
2, 239
Suppose -6*r + 11*r - j = 164, -2*j = -3*r + 104. Suppose r*y - 28*y = 1784. What are the prime factors of y?
2, 223
Let x(g) = g**3 - 6*g**2 - 4. Let m be x(5). Let p = m - -23. List the prime factors of 2/p + 40/3.
13
Suppose 213977 = 131*q - 126*q + 4*h, q = 4*h + 42805. List the prime factors of q.
42797
Suppose -2*n = 13*n - 35145. Suppose -27*c = -24*c - n. List the prime factors of c.
11, 71
Suppose 5*a = 5*x - 93805, 0 = -4*x - 60*a + 57*a + 75065. List the prime factors of x.
2, 4691
Let g be -128 + -2 + -4 + -2 + 12. Let d = g - -727. What are the prime factors of d?
3, 67
Suppose -18*z - 24138 + 270 = 0. Let b = -727 - z. What are the prime factors of b?
599
Suppose -17*a + 15*a = 3*v - 86627, 0 = 4*a + 2*v - 173258. What are the prime factors of a?
5, 8663
Suppose 25*v - 27536 = 9*v. Suppose 4*q + v - 8029 = 0. What are the prime factors of q?
19, 83
Suppose 2*h - 12 = -10, -3*h = 4*p - 1531. Let k = 440 - p. List the prime factors of k.
2, 29
Suppose -3*g = 2*k - 6*g - 883, -2*g + 858 = 2*k. Suppose -6*a + 202 = -k. Suppose -4*j + 410 = -a. What are the prime factors of j?
3, 43
Let p be 4/(2/5*(-55)/231). Let c = p - -140. Let v = -63 + c. List the prime factors of v.
5, 7
Suppose 10*l - 14*l + 3270498 = 62*l. What are the prime factors of l?
7, 7079
Let a = 72088 - 40757. What are the prime factors of a?
17, 19, 97
Suppose -2*l + 6 = -3*q, 0 = q + 6 - 4. Suppose k + 5*i - 76 = 0, l = k - 0*k + 3*i - 76. List the prime factors of k.
2, 19
Let m be (-1496)/24 + (-1)/(-3). Let k = m - -61. Let l = 65 - k. What are the prime factors of l?
2, 3, 11
Suppose 1775*n = 1781*n + 6. What are the prime factors of 6/(((-4)/(-5))/n)*-184?
2, 3, 5, 23
Suppose 0 = -c + 4*s + 13, -3*s = 2*s - 10. Let w = c - 19. Suppose -3*v - 4*g + 266 = -108, w*v = 3*g + 255. List the prime factors of v.
2, 3, 7
Suppose -87228 = 4*o + 273920. List the prime factors of (-1 + -1 - -1)*o/47.
17, 113
Suppose -4*a = -2*z + 8966, 15*a - 17*a - 22431 = -5*z. List the prime factors of z.
7, 641
Let r(t) = 2*t**2 - 15*t - 18. Let z be r(9). Suppose 220 = -z*i + 20*i. List the prime factors of i.
2, 5
Let z(y) = 8*y**3 - 182*y - 71. List the prime factors of z(12).
23, 503
List the prime factors of (8395/(-6))/((-19)/285) - 10/4.
3, 5, 1399
Suppose 8 = -4*p + 20. Suppose 2*g = -w + p*g - 48, 3*w + 149 = 2*g. Let h = w + 118. List the prime factors of h.
5, 13
Suppose -4*c + 5*x + 79235 = 0, 12*x = -4*c + 11*x + 79217. List the prime factors of c.
5, 17, 233
Let x(z) = 10*z**3 - z**2 + z - 1. Let b(s) = -6*s - 15. Let j(v) = 3*v + 7. Let p(w) = -2*b(w) - 5*j(w). Let c be p(-2). What are the prime factors of x(c)?
3
Suppose 5*o - 65 = -i + 32, 0 = -4*o - 5*i + 65. Let j = o + 288. List the prime factors of j.
2, 7, 11
Let a(p) = -p**2 + 19*p - 62. Let q be a(13). List the prime factors of 1607*12/q - (-2)/(-8).
5, 241
Suppose 2 = 6*z - 28. Suppose -789 = -z*n - 209. Let o = 118 - n. What are the prime factors of o?
2
Let a = -5303 + 15536. What are the prime factors of a?
3, 379
List the prime factors of -45 + 36 - 83768/(-3 + 2).
13, 17, 379
Let y(h) = -h**3 + 27*h**2 + 799*h - 34. What are the prime factors of y(34)?
2, 5, 7, 17
Suppose 2*o - 5*u - 23248 = 0, -126*o = -130*o + 3*u + 46496. List the prime factors of o.
2, 1453
Suppose 43*o + 41*o = -823826 + 4700174. What are the prime factors of o?
46147
Let a = 20996 - 9475. List the prime factors of a.
41, 281
Let v(g) = -23*g - 16 + 50*g + g. List the prime factors of v(19).
2, 3, 43
Suppose 1 = -3*d + 2*p + 9, 3*d - 4*p = 16. Let i be 103*(-1 - -3) - d. Suppose i = 4*k - 94. What are the prime factors of k?
3, 5
Suppose -1088*x + 1075*x = -12870. What are the prime factors of x?
2, 3, 5, 11
Suppose -k = 2*s - 106582, -12681 = -2*s + 2*k + 93907. List the prime factors of s.
2, 3, 4441
Let y(f) = -27*f - 84. Let w be y(9). What are the prime factors of (w/(-3))/(2/14 + 0)?
7, 109
Let d(q) = q**2 - 2*q + 3. Let b be d(2). Let g(u) = -3*u**2 - 28*u + 19*u - 6 + 2 + 16*u**2. List the prime factors of g(b).
2, 43
Let w be 1/(-4) - (-2 - (-402)/24). Let i be (47/3 + 0)/(5/w). What are the prime factors of i/(-8) - (-16)/128?
2, 3
Let a = 75143 + -28208. List the prime factors of a.
3, 5, 7, 149
Suppose -23*q + 4*w - 16 = -28*q, w = -q + 4. Suppose q = 8*t + 269 - 4909. List the prime factors of t.
2, 5, 29
Let n be 5/((2/(-14))/((-16)/56)). Let s(q) be the third derivative of q**5/60 - q**4/3 + 5*q**3/2 - 2*q**2. What are the prime factors of s(n)?
5, 7
Let m = 537 + -535. Suppose 4*x = a + 3*x - 1392, 3*a - m*x = 4171. What are the prime factors of a?
19, 73
Suppose 13193 = 12*g - 10471. List the prime factors of g.
2, 17, 29
Suppose -6*w + 2*w - 5427 = 5*t, 2*w - t + 2703 = 0. What are the prime factors of w/(-9)*15/5?
11, 41
Let s(w) = w - 14. Let x(h) = -2*h - 19. Let o be x(-12). Let n be s(o). What are the prime factors of (-324)/n + (2 - 3)?
5, 7
Let s be 6 - (-1)/(-2)*2. Let m be 4/10 - 7/s. What are the prime factors of (m/3)/((-1)/87)?
29
Let w(r) = 98*r**3 - 2*r + 1 + 3*r**2 - r + 139*r**3. Let s(k) = -k + 1. Let y be s(0). What are the prime factors of w(y)?
2, 7, 17
Suppose -13*y - 2*d = -11*y - 13996, -4*d - 6973 = -y. List the prime factors of y.
3, 7, 37
Let z be -3*3/9*-19. Suppose 0 = q - 3*g - z, 5*q + 2*g = 3 + 7. Suppose -3*b = -3*x - 72, -2*x + 4*x + 96 = q*b. List the prime factors of b.
2, 3
Let c = -165 + 354. Suppose 2*u + c = s - 0*s, s = -4*u + 207. What are the prime factors of s?
3, 5, 13
Let j(i) = 8*i**3 + 25*i**2 - 10*i + 24. Let o(w) = -w**3 - w + 1. Let y(d) = -j(d) - 6*o(d). List the prime factors of y(-14).
2, 167
Suppose 6959 = 4*l - t - 18589, 5*l - 31935 = -3*t. What are the prime factors of l?
3, 2129
Let i be (-10)/(-5 + (-57)/(-12)). Let l(b) = 13*b + 69. List the prime factors of l(i).
19, 31
Let i = 10725 - 5425. List the prime factors of i.
2, 5, 53
Suppose 0 = 5*h + 3*v - 258, -36 - 122 = -3*h - 5*v. Suppose 3*f - 47 = 91. Suppose f = o + a - 15, -o + h = 3*a. List the prime factors of o.
2, 3, 11
Let z = 27 + -15. Suppose -4*y = -3*a - 14, 5*y - 4*a = 6 + z. Suppose 2*r + 5*f = 309, 5*f - 7 = -y. List the prime factors of r.
2, 19
Suppose -3*n - 225 = -69. What are the prime factors of (-975)/n + 5/4?
2, 5
Let a = -9503 - -15057. List the prime factors of a.
2, 2777
Suppose 30*p - 10 = 28*p. Let m be (-68)/5 - (-3)/p. Let b = 17 - m. List the prime factors of b.
2, 3, 5
Suppose -4*d - p + 5623 = 0, -4*d + 4*p = d - 7013. List the prime factors of d.
5, 281
Suppose 3*n - 16 = -3*l + 14, 0 = 3*l + 12. Let o(r) = r**3 - 14*r**2 + 46*r - 6. What are the prime factors of o(n)?
2, 11, 29
Let k(b) = 3*b**2 - b + 7. Let h be k(-5). Let f = h - -19. Suppose 34 + f = 5*x. What are the prime factors of x?
2, 7
Let z be 44*(6 - 90/12). What are the prime factors of (-1965)/(-4) + (z/8)/(-11)?
2, 3, 41
Let q(i) = -28*i**2 - 131*i + 684. Let p(v) = -5*v**2 - 26*v + 137. Let o(r) = 11*p(r) - 2*q(r). List the prime factors of o(16).
11
What are the prime factors of (1*19381)/((-7 + 4)/(-9))?
3, 19381
Let s = -30878 - -46332. List the prime factors of s.
2, 7727
Suppose 9*v - 5*v = -3*a + 2355, a - v - 785 = 0. Let q = a + -546. What are the prime factors of q?
239
Let h = 673 + -448. Suppose -h = -6*k + 11*k. List the prime factors of (-15)/k + (-346)/(-6).
2, 29
Suppose 2*i = -3*l - 18 + 118, -95 = -4*l + 5*i. Suppose -l*m + 13088 = -22*m. List the prime factors of m.
2, 409
List the prime factors of 33/(495/25800) - -12.
2, 433
Suppose 5*a - 2 = f, 3*f - 19*a + 15*a - 5 = 0. Suppose 3*q = f + 9, 4*x = -4*q + 1808. List the prime factors of x.
2, 7
Let o = -11235 - -40561. What are the prime factors of o?
2, 11, 31, 43
Suppose -4*a + 3652 = 4*w, 28*a - 29*a - 3*w = -917. What are the prime factors of a?
911
Suppose -15*v = 2*v - 136. Suppose 0 = v*t - 1365 - 4963. What are the prime factors of t?
7, 113
Let b be -21 + ((-4)/2 - -1). Let h(c) = -41*c - 205. Let f be h(-4). Let s = b - f. What are the prime factors of s?
19
Let f = 15009 - 8579. What are the prime factors of f?
2, 5